e
Is 136 a factor of 946?
False
Is 115 a multiple of 2?
False
Is 442 a multiple of 9?
False
Does 26 divide 15358?
False
Does 3 divide 4612?
False
Is 25194 a multiple of 138?
False
Is 1355 a multiple of 65?
False
Is 12 a factor of 2998?
False
Does 29 divide 18705?
True
Is 12 a factor of 1704?
True
Is 456 a multiple of 19?
True
Is 38 a factor of 4750?
True
Is 25 a factor of 153?
False
Does 46 divide 276?
True
Does 180 divide 10969?
False
Is 4070 a multiple of 21?
False
Does 31 divide 31?
True
Is 5157 a multiple of 55?
False
Does 3 divide 253?
False
Is 1309 a multiple of 187?
True
Does 134 divide 35913?
False
Does 32 divide 8182?
False
Does 20 divide 500?
True
Is 12696 a multiple of 43?
False
Is 728 a multiple of 26?
True
Is 696 a multiple of 29?
True
Does 8 divide 61?
False
Is 23 a factor of 115?
True
Does 5 divide 21169?
False
Does 21 divide 55461?
True
Is 8576 a multiple of 4?
True
Is 672 a multiple of 168?
True
Does 16 divide 18?
False
Is 7537 a multiple of 325?
False
Does 8 divide 1239?
False
Is 14795 a multiple of 55?
True
Is 12 a factor of 22395?
False
Is 21739 a multiple of 14?
False
Does 31 divide 3836?
False
Is 24 a factor of 24?
True
Is 53278 a multiple of 17?
True
Is 4350 a multiple of 5?
True
Is 16 a factor of 112?
True
Is 520 a multiple of 26?
True
Is 6 a factor of 1608?
True
Is 10643 a multiple of 29?
True
Is 22 a factor of 2403?
False
Is 5 a factor of 1305?
True
Is 15 a factor of 17?
False
Is 13 a factor of 8948?
False
Is 2128 a multiple of 62?
False
Is 27 a factor of 2237?
False
Is 15 a factor of 308?
False
Is 7 a factor of 3164?
True
Does 7 divide 3485?
False
Is 2 a factor of 684?
True
Does 38 divide 990?
False
Is 88965 a multiple of 15?
True
Does 165 divide 26400?
True
Does 35 divide 3080?
True
Does 34 divide 1156?
True
Is 1379 a multiple of 29?
False
Does 2 divide 2609?
False
Is 109 a factor of 18021?
False
Is 4321 a multiple of 125?
False
Is 31 a factor of 11250?
False
Is 37 a factor of 370?
True
Does 59 divide 2360?
True
Is 8 a factor of 5136?
True
Does 19 divide 923?
False
Does 76 divide 1824?
True
Is 3583 a multiple of 102?
False
Is 8 a factor of 449?
False
Is 2596 a multiple of 118?
True
Is 1239 a multiple of 10?
False
Is 408 a multiple of 24?
True
Is 25 a factor of 31475?
True
Does 12 divide 2331?
False
Is 348 a factor of 24841?
False
Does 12 divide 1200?
True
Is 843 a multiple of 25?
False
Is 5229 a multiple of 9?
True
Is 73 a factor of 5621?
True
Is 422 a multiple of 33?
False
Is 2392 a multiple of 52?
True
Is 2 a factor of 254?
True
Does 33 divide 8415?
True
Is 253 a multiple of 4?
False
Is 219 a factor of 30879?
True
Is 715 a multiple of 11?
True
Is 176 a factor of 2640?
True
Is 19 a factor of 1691?
True
Is 79133 a multiple of 56?
False
Is 60 a factor of 1140?
True
Does 16 divide 26329?
False
Is 4472 a multiple of 43?
True
Is 182 a multiple of 9?
False
Is 5 a factor of 8204?
False
Is 25 a factor of 4625?
True
Is 111 a multiple of 3?
True
Does 351 divide 7291?
False
Does 79 divide 18091?
True
Is 78 a factor of 2540?
False
Does 46 divide 1475?
False
Is 3 a factor of 369?
True
Is 80 a factor of 29495?
False
Is 42 a factor of 3053?
False
Is 35 a factor of 6121?
False
Does 53 divide 35626?
False
Is 2660 a multiple of 50?
False
Is 27 a factor of 20566?
False
Is 15 a factor of 1140?
True
Is 17100 a multiple of 20?
True
Does 5 divide 1932?
False
Does 34 divide 6766?
True
Is 133 a factor of 798?
True
Is 29 a factor of 87?
True
Is 13144 a multiple of 53?
True
Is 11 a factor of 603?
False
Is 82 a factor of 3151?
False
Is 38 a factor of 1099?
False
Is 7701 a multiple of 41?
False
Is 39 a multiple of 4?
False
Is 5378 a multiple of 6?
False
Is 13 a factor of 3710?
False
Is 64 a factor of 2263?
False
Does 6 divide 13312?
False
Is 51 a factor of 309?
False
Does 12 divide 4788?
True
Is 968 a multiple of 31?
False
Does 3 divide 2937?
True
Is 5370 a multiple of 6?
True
Does 33 divide 28130?
False
Does 8 divide 600?
True
Is 21 a factor of 252?
True
Is 2350 a multiple of 7?
False
Is 48 a factor of 1421?
False
Is 8 a factor of 19264?
True
Is 46 a factor of 2116?
True
Is 16 a factor of 4454?
False
Is 365 a multiple of 37?
False
Does 5 divide 2935?
True
Is 6 a factor of 191?
False
Is 3 a factor of 24?
True
Is 15 a factor of 30107?
False
Is 10 a factor of 2405?
False
Does 44 divide 880?
True
Does 9 divide 1787?
False
Is 48 a factor of 11760?
True
Is 2016 a multiple of 21?
True
Is 20 a factor of 1940?
True
Is 8 a factor of 268?
False
Is 231 a multiple of 21?
True
Does 44 divide 3229?
False
Does 151 divide 4315?
False
Does 5 divide 217?
False
Is 110 a factor of 44202?
False
Does 45 divide 1215?
True
Is 490 a multiple of 49?
True
Does 5 divide 1755?
True
Does 33 divide 1088?
False
Is 39124 a multiple of 77?
False
Does 7 divide 182?
True
Is 72 a factor of 2294?
False
Does 21 divide 1555?
False
Is 612 a multiple of 51?
True
Is 17 a factor of 68?
True
Is 11891 a multiple of 33?
False
Is 106 a factor of 18118?
False
Is 8136 a multiple of 9?
True
Is 11 a factor of 19470?
True
Is 13685 a multiple of 8?
False
Is 1159 a multiple of 45?
False
Is 792 a multiple of 36?
True
Is 810 a multiple of 5?
True
Is 21 a factor of 2079?
True
Is 3 a factor of 252?
True
Does 12 divide 228?
True
Is 6144 a multiple of 24?
True
Does 2 divide 970?
True
Does 81 divide 668?
False
Does 15 divide 987?
False
Does 33 divide 2416?
False
Is 13 a factor of 2275?
True
Does 168 divide 93576?
True
Does 22 divide 8056?
False
Is 8 a factor of 3704?
True
Is 6 a factor of 3252?
True
Is 40209 a multiple of 79?
False
Does 10 divide 7496?
False
Is 44 a factor of 440?
True
Is 41722 a multiple of 215?
False
Is 25 a factor of 900?
True
Is 7756 a multiple of 3?
False
Does 75 divide 874?
False
Is 9 a factor of 3043?
False
Is 36 a factor of 54357?
False
Is 3150 a multiple of 3?
True
Is 3 a factor of 15?
True
Is 21 a factor of 116697?
True
Does 10 divide 710?
True
Does 47 divide 1363?
True
Is 13275 a multiple of 45?
True
Does 35 divide 140?
True
Is 835 a multiple of 50?
False
Is 12 a factor of 1164?
True
Is 242 a multiple of 16?
False
Is 2551 a multiple of 35?
False
Is 102 a factor of 4590?
True
Is 36 a factor of 8100?
True
Is 6 a factor of 448?
False
Is 15 a factor of 1770?
True
Is 558 a multiple of 2?
True
Does 81 divide 1296?
True
Is 204 a multiple of 12?
True
Is 105 a factor of 2730?
True
Is 280 a multiple of 56?
True
Is 1167 a multiple of 16?
False
Is 16 a factor of 39176?
False
Does 13 divide 603?
False
Does 19 divide 701?
False
Does 9 divide 2732?
False
Does 160 divide 36706?
False
Is 181 a factor of 30770?
True
Does 47 divide 3995?
True
Is 5 a factor of 710?
True
Is 78 a factor of 1886?
False
Is 10 a factor of 17890?
True
Is 4 a factor of 420?
True
Is 10 a factor of 150?
True
Is 175 a multiple of 8?
False
Is 2706 a multiple of 34?
False
Is 5312 a multiple of 86?
False
Is 14320 a multiple of 80?
True
Does 45 divide 8055?
True
Does 10 divide 4390?
True
Is 11 a factor of 10349?
False
Is 1067 a multiple of 15?
False
Does 186 divide 943?
False
Is 3959 a multiple of 11?
False
Is 25 a factor of 541?
False
Is 18 a factor of 1033?
False
Does 23 divide 6381?
False
Is 133 a factor of 6384?
True
Does 5 divide 396?
False
Does 32 divide 6383?
False
Is 33 a factor of 1452?
True
Does 11 divide 27472?
False
Does 128 divide 17536?
True
Is 648 even?
True
Is 5726 a multiple of 70?
False
Is 9 a factor of 1266?
False
Is 39 a factor of 1342?
False
Is 864 a multiple of 4?
True
Is 434 a multiple of 31?
True
Is 15 a factor of 1975?
False
Is 10664 a multiple of 28?
False
Is 57 a factor of 12882?
True
Does 38 divide 6194?
True
Is 15 a factor of 945?
True
Does 12 divide 1946?
False
Is 5 a factor of 18671?
False
Is 25 a factor of 48525?
True
Does 6 divide 366?
True
Does 39 divide 624?
True
Does 68 divide 6013?
False
Is 20 a factor of 16220?
True
Does 23 divide 880?
False
Is 16296 a multiple of 210?
False
Is 32 even?
True
Is 52 a factor of 8361?
False
Is 2 a factor of 388?
True
Is 2754 a multiple of 27?
True
Is 49 a factor of 49?
True
Does 29 divide 2258?
False
Is 17 a factor of 15820?
False
Is 54 a multiple of 22?
False
Does 45 divide 3067?
False
Does 116 divide 87928?
True
Is 13 a factor of 221?
True
Is 11 a factor of 2134?
True
Is 1779 a multiple of 55?
False
Does 13 divide 11297?
True
Does 8 divide 950?
False
I